{"id":8663,"date":"2018-01-19T10:55:58","date_gmt":"2018-01-19T08:55:58","guid":{"rendered":"https:\/\/demo2.opus.ee\/hals\/trading\/?page_id=8663"},"modified":"2023-05-23T14:53:20","modified_gmt":"2023-05-23T11:53:20","slug":"kataloog","status":"publish","type":"page","link":"https:\/\/hals.ee\/trading\/kataloog\/","title":{"rendered":"Kataloog"},"content":{"rendered":"<h2 style=\"text-align: left;\"><span style=\"font-size: 36px;\">Hals Trading<\/span><\/h2>\n<p>AS Hals Trading on sanitaartehniliste toodete impordi ning hulgim\u00fc\u00fcgiga tegelev, Eesti kapitalil p\u00f5hinev ettev\u00f5te. Ajalugu viib meid tagasi aastasse 1991, mil alustas t\u00f6\u00f6d AS Hals \u2013 mis on t\u00e4naseni tegutsev valukoda Viljandis. Arengu loogilise j\u00e4tkuna asutati 1994 aastal AS Hals Trading ehk siis tootjast-eksportijast kasvas kolme aastaga v\u00e4lja importija-hulgim\u00fc\u00fcja ettev\u00f5te. L\u00f5una-Eesti klientide paremaks teenindamiseks loodi 1996 aastal Tartusse t\u00fctarettev\u00f5te AS Hals Trading-T. 2019 aastal valmis meil Tartus uus maja, Sepa 19, kus on vaba kaubandus- ja b\u00fcroopinda rendile anda.<\/p>\n<p>Alates 1999 aastast kuni 30.06.2011 tegutsesime ka L\u00e4ti turul, SIA Hals Trading nime all. T\u00e4naseks on L\u00e4ti ettev\u00f5ttel uus omanik ja nimi, HLS Trading Ltd.<\/p>\n<p>&nbsp;<\/p>\n<a href=\"https:\/\/www.koda.ee\/et\" target=\"_blank\" rel=\"noopener noreferrer\"><img loading=\"lazy\" decoding=\"async\" class=\"alignleft wp-image-15394\" src=\"https:\/\/hals.ee\/trading\/wp-content\/uploads\/sites\/1\/2019\/12\/koda-liige-est-logo-horiz-300x129.jpg\" alt=\"\" width=\"223\" height=\"96\" srcset=\"https:\/\/hals.ee\/trading\/wp-content\/uploads\/sites\/1\/2019\/12\/koda-liige-est-logo-horiz-300x129.jpg 300w, https:\/\/hals.ee\/trading\/wp-content\/uploads\/sites\/1\/2019\/12\/koda-liige-est-logo-horiz-768x329.jpg 768w, https:\/\/hals.ee\/trading\/wp-content\/uploads\/sites\/1\/2019\/12\/koda-liige-est-logo-horiz-1024x439.jpg 1024w, https:\/\/hals.ee\/trading\/wp-content\/uploads\/sites\/1\/2019\/12\/koda-liige-est-logo-horiz-1200x514.jpg 1200w, https:\/\/hals.ee\/trading\/wp-content\/uploads\/sites\/1\/2019\/12\/koda-liige-est-logo-horiz-150x64.jpg 150w, https:\/\/hals.ee\/trading\/wp-content\/uploads\/sites\/1\/2019\/12\/koda-liige-est-logo-horiz.jpg 1654w\" sizes=\"auto, (max-width: 223px) 100vw, 223px\" \/><\/a>\n<p>&nbsp;<\/p>\n<div style=\"width: 640px;\" class=\"wp-video\"><video class=\"wp-video-shortcode\" id=\"video-8663-1\" width=\"640\" height=\"360\" preload=\"metadata\" controls=\"controls\"><source type=\"video\/mp4\" src=\"https:\/\/hals.ee\/trading-t\/wp-content\/uploads\/sites\/3\/2022\/09\/hals-trading.mp4?_=1\" \/><a href=\"https:\/\/hals.ee\/trading-t\/wp-content\/uploads\/sites\/3\/2022\/09\/hals-trading.mp4\">https:\/\/hals.ee\/trading-t\/wp-content\/uploads\/sites\/3\/2022\/09\/hals-trading.mp4<\/a><\/video><\/div>\n","protected":false},"excerpt":{"rendered":"<p>Hals Trading AS Hals Trading on sanitaartehniliste toodete impordi ning hulgim\u00fc\u00fcgiga tegelev, Eesti kapitalil p\u00f5hinev ettev\u00f5te. Ajalugu viib meid tagasi aastasse 1991, mil alustas t\u00f6\u00f6d AS Hals \u2013 mis on t\u00e4naseni tegutsev valukoda Viljandis. Arengu loogilise j\u00e4tkuna asutati 1994 aastal AS Hals Trading ehk siis tootjast-eksportijast kasvas kolme aastaga v\u00e4lja importija-hulgim\u00fc\u00fcja ettev\u00f5te. L\u00f5una-Eesti klientide paremaks&#8230;  <a class=\"excerpt-read-more\" href=\"https:\/\/hals.ee\/trading\/kataloog\/\" title=\"Read Kataloog\">Read more &raquo;<\/a><\/p>\n","protected":false},"author":1,"featured_media":0,"parent":0,"menu_order":0,"comment_status":"closed","ping_status":"closed","template":"page-catalogue.php","meta":{"footnotes":""},"class_list":["post-8663","page","type-page","status-publish","hentry"],"yoast_head":"<!-- This site is optimized with the Yoast SEO plugin v27.1.1 - https:\/\/yoast.com\/product\/yoast-seo-wordpress\/ -->\n<title>Kataloog - Hals Trading<\/title>\n<meta name=\"robots\" content=\"index, follow, max-snippet:-1, max-image-preview:large, max-video-preview:-1\" \/>\n<link rel=\"canonical\" href=\"https:\/\/hals.ee\/trading\/kataloog\/\" \/>\n<meta property=\"og:locale\" content=\"et_EE\" \/>\n<meta property=\"og:type\" content=\"article\" \/>\n<meta property=\"og:title\" content=\"Kataloog - Hals Trading\" \/>\n<meta property=\"og:description\" content=\"Hals Trading AS Hals Trading on sanitaartehniliste toodete impordi ning hulgim\u00fc\u00fcgiga tegelev, Eesti kapitalil p\u00f5hinev ettev\u00f5te. Ajalugu viib meid tagasi aastasse 1991, mil alustas t\u00f6\u00f6d AS Hals \u2013 mis on t\u00e4naseni tegutsev valukoda Viljandis. Arengu loogilise j\u00e4tkuna asutati 1994 aastal AS Hals Trading ehk siis tootjast-eksportijast kasvas kolme aastaga v\u00e4lja importija-hulgim\u00fc\u00fcja ettev\u00f5te. L\u00f5una-Eesti klientide paremaks... Read more &raquo;\" \/>\n<meta property=\"og:url\" content=\"https:\/\/hals.ee\/trading\/kataloog\/\" \/>\n<meta property=\"og:site_name\" content=\"Hals Trading\" \/>\n<meta property=\"article:modified_time\" content=\"2023-05-23T11:53:20+00:00\" \/>\n<meta property=\"og:image\" content=\"https:\/\/hals.ee\/trading\/wp-content\/uploads\/sites\/1\/2019\/12\/koda-liige-est-logo-horiz-300x129.jpg\" \/>\n<meta name=\"twitter:card\" content=\"summary_large_image\" \/>\n<meta name=\"twitter:label1\" content=\"Est. reading time\" \/>\n\t<meta name=\"twitter:data1\" content=\"1 minut\" \/>\n<script type=\"application\/ld+json\" class=\"yoast-schema-graph\">{\"@context\":\"https:\/\/schema.org\",\"@graph\":[{\"@type\":\"WebPage\",\"@id\":\"https:\/\/hals.ee\/trading\/kataloog\/\",\"url\":\"https:\/\/hals.ee\/trading\/kataloog\/\",\"name\":\"Kataloog - Hals Trading\",\"isPartOf\":{\"@id\":\"https:\/\/hals.ee\/trading\/#website\"},\"primaryImageOfPage\":{\"@id\":\"https:\/\/hals.ee\/trading\/kataloog\/#primaryimage\"},\"image\":{\"@id\":\"https:\/\/hals.ee\/trading\/kataloog\/#primaryimage\"},\"thumbnailUrl\":\"https:\/\/hals.ee\/trading\/wp-content\/uploads\/sites\/1\/2019\/12\/koda-liige-est-logo-horiz-300x129.jpg\",\"datePublished\":\"2018-01-19T08:55:58+00:00\",\"dateModified\":\"2023-05-23T11:53:20+00:00\",\"breadcrumb\":{\"@id\":\"https:\/\/hals.ee\/trading\/kataloog\/#breadcrumb\"},\"inLanguage\":\"et\",\"potentialAction\":[{\"@type\":\"ReadAction\",\"target\":[\"https:\/\/hals.ee\/trading\/kataloog\/\"]}]},{\"@type\":\"ImageObject\",\"inLanguage\":\"et\",\"@id\":\"https:\/\/hals.ee\/trading\/kataloog\/#primaryimage\",\"url\":\"https:\/\/hals.ee\/trading\/wp-content\/uploads\/sites\/1\/2019\/12\/koda-liige-est-logo-horiz.jpg\",\"contentUrl\":\"https:\/\/hals.ee\/trading\/wp-content\/uploads\/sites\/1\/2019\/12\/koda-liige-est-logo-horiz.jpg\",\"width\":1654,\"height\":709},{\"@type\":\"BreadcrumbList\",\"@id\":\"https:\/\/hals.ee\/trading\/kataloog\/#breadcrumb\",\"itemListElement\":[{\"@type\":\"ListItem\",\"position\":1,\"name\":\"Home\",\"item\":\"https:\/\/hals.ee\/trading\/\"},{\"@type\":\"ListItem\",\"position\":2,\"name\":\"Kataloog\"}]},{\"@type\":\"WebSite\",\"@id\":\"https:\/\/hals.ee\/trading\/#website\",\"url\":\"https:\/\/hals.ee\/trading\/\",\"name\":\"Hals Trading\",\"description\":\"Professionaali valik juba 25 aastat\",\"potentialAction\":[{\"@type\":\"SearchAction\",\"target\":{\"@type\":\"EntryPoint\",\"urlTemplate\":\"https:\/\/hals.ee\/trading\/?s={search_term_string}\"},\"query-input\":{\"@type\":\"PropertyValueSpecification\",\"valueRequired\":true,\"valueName\":\"search_term_string\"}}],\"inLanguage\":\"et\"}]}<\/script>\n<!-- \/ Yoast SEO plugin. -->","yoast_head_json":{"title":"Kataloog - Hals Trading","robots":{"index":"index","follow":"follow","max-snippet":"max-snippet:-1","max-image-preview":"max-image-preview:large","max-video-preview":"max-video-preview:-1"},"canonical":"https:\/\/hals.ee\/trading\/kataloog\/","og_locale":"et_EE","og_type":"article","og_title":"Kataloog - Hals Trading","og_description":"Hals Trading AS Hals Trading on sanitaartehniliste toodete impordi ning hulgim\u00fc\u00fcgiga tegelev, Eesti kapitalil p\u00f5hinev ettev\u00f5te. Ajalugu viib meid tagasi aastasse 1991, mil alustas t\u00f6\u00f6d AS Hals \u2013 mis on t\u00e4naseni tegutsev valukoda Viljandis. Arengu loogilise j\u00e4tkuna asutati 1994 aastal AS Hals Trading ehk siis tootjast-eksportijast kasvas kolme aastaga v\u00e4lja importija-hulgim\u00fc\u00fcja ettev\u00f5te. L\u00f5una-Eesti klientide paremaks... Read more &raquo;","og_url":"https:\/\/hals.ee\/trading\/kataloog\/","og_site_name":"Hals Trading","article_modified_time":"2023-05-23T11:53:20+00:00","og_image":[{"url":"https:\/\/hals.ee\/trading\/wp-content\/uploads\/sites\/1\/2019\/12\/koda-liige-est-logo-horiz-300x129.jpg","type":"","width":"","height":""}],"twitter_card":"summary_large_image","twitter_misc":{"Est. reading time":"1 minut"},"schema":{"@context":"https:\/\/schema.org","@graph":[{"@type":"WebPage","@id":"https:\/\/hals.ee\/trading\/kataloog\/","url":"https:\/\/hals.ee\/trading\/kataloog\/","name":"Kataloog - Hals Trading","isPartOf":{"@id":"https:\/\/hals.ee\/trading\/#website"},"primaryImageOfPage":{"@id":"https:\/\/hals.ee\/trading\/kataloog\/#primaryimage"},"image":{"@id":"https:\/\/hals.ee\/trading\/kataloog\/#primaryimage"},"thumbnailUrl":"https:\/\/hals.ee\/trading\/wp-content\/uploads\/sites\/1\/2019\/12\/koda-liige-est-logo-horiz-300x129.jpg","datePublished":"2018-01-19T08:55:58+00:00","dateModified":"2023-05-23T11:53:20+00:00","breadcrumb":{"@id":"https:\/\/hals.ee\/trading\/kataloog\/#breadcrumb"},"inLanguage":"et","potentialAction":[{"@type":"ReadAction","target":["https:\/\/hals.ee\/trading\/kataloog\/"]}]},{"@type":"ImageObject","inLanguage":"et","@id":"https:\/\/hals.ee\/trading\/kataloog\/#primaryimage","url":"https:\/\/hals.ee\/trading\/wp-content\/uploads\/sites\/1\/2019\/12\/koda-liige-est-logo-horiz.jpg","contentUrl":"https:\/\/hals.ee\/trading\/wp-content\/uploads\/sites\/1\/2019\/12\/koda-liige-est-logo-horiz.jpg","width":1654,"height":709},{"@type":"BreadcrumbList","@id":"https:\/\/hals.ee\/trading\/kataloog\/#breadcrumb","itemListElement":[{"@type":"ListItem","position":1,"name":"Home","item":"https:\/\/hals.ee\/trading\/"},{"@type":"ListItem","position":2,"name":"Kataloog"}]},{"@type":"WebSite","@id":"https:\/\/hals.ee\/trading\/#website","url":"https:\/\/hals.ee\/trading\/","name":"Hals Trading","description":"Professionaali valik juba 25 aastat","potentialAction":[{"@type":"SearchAction","target":{"@type":"EntryPoint","urlTemplate":"https:\/\/hals.ee\/trading\/?s={search_term_string}"},"query-input":{"@type":"PropertyValueSpecification","valueRequired":true,"valueName":"search_term_string"}}],"inLanguage":"et"}]}},"_links":{"self":[{"href":"https:\/\/hals.ee\/trading\/wp-json\/wp\/v2\/pages\/8663","targetHints":{"allow":["GET"]}}],"collection":[{"href":"https:\/\/hals.ee\/trading\/wp-json\/wp\/v2\/pages"}],"about":[{"href":"https:\/\/hals.ee\/trading\/wp-json\/wp\/v2\/types\/page"}],"author":[{"embeddable":true,"href":"https:\/\/hals.ee\/trading\/wp-json\/wp\/v2\/users\/1"}],"replies":[{"embeddable":true,"href":"https:\/\/hals.ee\/trading\/wp-json\/wp\/v2\/comments?post=8663"}],"version-history":[{"count":51,"href":"https:\/\/hals.ee\/trading\/wp-json\/wp\/v2\/pages\/8663\/revisions"}],"predecessor-version":[{"id":20276,"href":"https:\/\/hals.ee\/trading\/wp-json\/wp\/v2\/pages\/8663\/revisions\/20276"}],"wp:attachment":[{"href":"https:\/\/hals.ee\/trading\/wp-json\/wp\/v2\/media?parent=8663"}],"curies":[{"name":"wp","href":"https:\/\/api.w.org\/{rel}","templated":true}]}}